3 + 6 = 0. Let q = 5 + -1. Suppose 13 = 2*k - i, o*i + 22 - 63 = -q*k. What is the greatest common factor of k and 8?
8
Let w = 8 + -6. Let d(o) = 2*o - 1. Let p be d(w). Suppose -p*b - 6 = -45. What is the highest common divisor of b and 26?
13
Let j be ((-4)/10)/(3/(-45)). Let b be (-4 - -6)/(4/j). Let c be 86/6 - (-2)/3. Calculate the highest common divisor of c and b.
3
Let l(x) be the first derivative of -21*x**2/2 - 9. Let m be l(-3). What is the greatest common divisor of 9 and m?
9
Suppose -4*z - 3*t = -0*z - 639, -4*z + 645 = t. What is the greatest common divisor of 18 and z?
18
Let v = -11 - 11. Let k be (-356)/v + 2/(-11). What is the greatest common factor of k and 80?
16
Suppose 5*s = -3*w + 219, 3*s - 2*s = -4*w + 309. What is the highest common factor of w and 52?
26
Let a(z) = 40*z**2. Let w = 17 - 16. Let k be a(w). Calculate the greatest common divisor of 100 and k.
20
Suppose -g - 416 = 4*v - 9*v, -5*v - 4*g + 436 = 0. What is the highest common divisor of 12 and v?
12
Let u(p) = 4*p**2 + 7*p + 7. Let l be u(-5). Calculate the greatest common factor of 9 and l.
9
Let f be 5 - (0 - -2 - -1). Suppose f*t = -3*t + 20. Let m(u) = -u + 4. Let g be m(-4). Calculate the greatest common divisor of g and t.
4
Let f = -43 - -46. Calculate the highest common factor of 12 and f.
3
Suppose g = -2*g - 2*x + 96, -4*x = 5*g - 158. Let v = 50 - g. Suppose 5*k - 2*y = 20, 3*k + 8 = 5*k - y. Calculate the highest common factor of v and k.
4
Suppose 0 = -f + 2. Suppose -f*t - p = -23, t + 2*p = -4*t + 60. What is the highest common factor of t and 56?
14
Let q = -5 + 9. Suppose -q = 5*k - 14. Calculate the highest common divisor of 2 and k.
2
Suppose n = -2*n + 75. Let v = -57 - -67. What is the greatest common factor of v and n?
5
Suppose 2*p - b - 16 = 0, 4*p - 45 = b - 9. Suppose 4*d + p + 14 = 0. Let l be ((-8)/d)/(3/198). What is the greatest common factor of l and 8?
8
Let w(q) = q**2 + 2*q + 24. Let l be w(0). Calculate the highest common factor of 72 and l.
24
Let d(p) = p**3 + 15*p**2 - 18*p + 13. Let a be d(-16). Calculate the greatest common factor of 27 and a.
9
Let k(i) = -i + 6. Let w be k(-5). Let m be -2*(-2)/4*-3. Let t be (-1)/m*(5 + 28). Calculate the greatest common divisor of t and w.
11
Suppose 4*o - o = 45. Calculate the highest common factor of 15 and o.
15
Suppose 0*n = -3*n + 5*k + 265, 310 = 4*n + 2*k. What is the highest common divisor of 10 and n?
10
Suppose 4*h - 13 = 5*x + 6, -23 = -3*h + 2*x. Suppose -3*p + 4*a - 312 = -7*p, p - 3*a - 58 = 0. Let v = -40 + p. What is the greatest common factor of v and h?
11
Let k be (-6)/8 - (-129)/12. Calculate the greatest common divisor of 110 and k.
10
Let b(r) = r**3 + 10*r**2 - 13*r - 15. Let w be b(-11). Let n be (-28)/(2 - 6/2). Calculate the greatest common divisor of w and n.
7
Let j(v) = -v**3 + 2*v + 4. Let s be j(-3). Calculate the greatest common factor of 10 and s.
5
Let l(q) = q**2 - 4*q + 4. Let g be l(4). What is the greatest common divisor of 4 and g?
4
Let x be -2 + (15 - 4)/(3/6). What is the greatest common factor of 5 and x?
5
Let l(m) = m**3 + 4*m**2 + 3. Let x be ((-6)/(-4))/(3/(-6)). Let a be l(x). Calculate the highest common factor of 8 and a.
4
Let k be (8/6)/((-3)/9). Let q(y) = -1. Let g(c) = -c**2 + c + 4. Let r(w) = -g(w) - 2*q(w). Let h be r(k). Calculate the greatest common factor of 144 and h.
18
Let g be (5 - 4)/(1/5). Suppose -g = -l - 1. Suppose 33 = -j + l*j. Calculate the greatest common divisor of 121 and j.
11
Suppose 0 = -2*n - 2*n + 36. What is the highest common divisor of 36 and n?
9
Suppose -5*s + 5 = -5*r, 5*s + 10 = -r - 3. Let p be (-3)/6*-16 + r. Calculate the highest common factor of 5 and p.
5
Suppose 0*j = j - 113. Suppose -j - 62 = -5*s. Calculate the greatest common factor of s and 5.
5
Let k(y) = -13*y**2 + 2. Let c be k(-3). Let o = 196 + c. What is the greatest common factor of 9 and o?
9
Suppose 440 = -11*b + 13*b. Calculate the highest common divisor of 20 and b.
20
Let w(q) = -5*q - 1. Let v be w(-10). What is the highest common factor of v and 7?
7
Suppose 5*v - z - 42 = 0, 4*v - 30 = v - z. Let b = 35 - v. Calculate the highest common factor of b and 182.
26
Suppose 7*f - 19 = -12. What is the greatest common factor of f and 5?
1
Let a(b) = -b. Let l be a(-4). Suppose 1 = 2*t - 3, -l*n - 5*t = -62. What is the greatest common factor of n and 13?
13
Suppose j = h + 1, -2*h + 36 = 4*j + 8. Suppose -5*z = -2*q + 9 - 72, 2*z - 38 = h*q. Calculate the greatest common factor of 99 and z.
11
Let z = 67 - -24. What is the highest common divisor of 7 and z?
7
Let i = -32 - -19. Let j = 18 + i. What is the greatest common factor of j and 5?
5
Let d = -25 - -39. Suppose -4*m - 4*g + 687 = 163, 479 = 4*m - 5*g. Calculate the greatest common divisor of m and d.
14
Suppose 52 + 44 = 3*j. Suppose 0 = -n - 0*n + 8. What is the greatest common divisor of j and n?
8
Suppose -38 = -4*p - 2. Suppose -156 = -5*z + p. What is the highest common factor of 264 and z?
33
Let q(k) = -k - 3. Let z be q(-4). What is the highest common factor of z and 5?
1
Let b(k) be the second derivative of k**4/4 + k**3/3 - 3*k**2 + 3*k. Let u = -1 - -5. Let q be b(u). Calculate the greatest common factor of q and 10.
10
Suppose -10 = b - 5*s, -2*b - s + 8 = -b. What is the highest common factor of b and 20?
5
Let y be 2/6 + 650/30. Calculate the highest common divisor of 88 and y.
22
Let m(k) = k + 4. Let h be m(-3). Let y = h - -1. Let v = 23 - 13. What is the greatest common divisor of v and y?
2
Let j = 30 - 16. What is the greatest common factor of 2 and j?
2
Suppose -3 = 2*r + 3. Let b(i) = -2*i**2 + i + 4. Let p be b(r). Let o = p - -30. What is the greatest common divisor of 117 and o?
13
Let o = 159 + -29. What is the greatest common divisor of 52 and o?
26
Let o be (0 + -4)*(-2)/(-4). Let z be o + 2/1 - -64. What is the greatest common divisor of 8 and z?
8
Suppose 5*n - 388 = 3*b - 6*b, 0 = -2*n - 3*b + 148. Calculate the greatest common factor of 16 and n.
16
Suppose c + 12 = -3*c. Let s be -3*(11/c - -1). What is the highest common factor of 32 and s?
8
Suppose -2*j + 2 = -j. Let w = j + 1. Calculate the highest common divisor of 21 and w.
3
Suppose -7*k + 136 - 45 = 0. What is the highest common divisor of k and 39?
13
Let w be 8/3 - (-4)/(-6). Suppose 5*b - w*b - 162 = 0. Let s be 1/((-3)/(b/(-3))). Calculate the highest common divisor of s and 18.
6
Let d be (5/2*(-24)/4)/(-1). Calculate the highest common factor of d and 30.
15
Let g = -80 - -161. Suppose 0 = 3*u - 0*u - g. What is the greatest common factor of 3 and u?
3
Let x be (-15)/9*(-5 - -2). Let b = 13 + -3. Let z = b + 5. Calculate the highest common divisor of z and x.
5
Let i be (2/(-6))/((-5)/15). Suppose -q = -7 - i. Let f = 16 - q. What is the highest common divisor of f and 20?
4
Let a = -14 + 20. Let s = a + 0. Suppose 0*r - 12 = -4*r. Calculate the highest common factor of r and s.
3
Let r be 1/2 + 46/4. Let p = -5 + r. Calculate the greatest common divisor of 28 and p.
7
Let b be 2015/39 + 2/(-3). Suppose -5*a + 38 = 4*m, 4*a + m - 20 = a. Let d = b - a. Calculate the greatest common divisor of 9 and d.
9
Suppose -3*c + 5*d + 279 = 0, 5*c + 3*d + d - 502 = 0. Calculate the highest common factor of 14 and c.
14
Suppose -4*k - y = -117 + 33, -k + 3*y + 34 = 0. Let t = k - 12. Let m(z) = z**2 - 7*z - 14. Let c be m(t). What is the greatest common factor of c and 16?
16
Suppose 3*h + 2*r - 23 = 0, 4*r + 39 = 5*h + 8*r. Suppose -3*k - 147 = -6*k. Calculate the greatest common factor of k and h.
7
Suppose 5*g + 4*v = 57, 12 = 3*g - 3*v - 2*v. Let x be (-2)/2*-38 + 69 + -71. What is the greatest common divisor of g and x?
9
Let i be 83 + 4/(3 + -2). Calculate the highest common divisor of i and 29.
29
Let u be 33 + 2*3/(-6). Suppose 2*l = 4*l - u. What is the greatest common factor of l and 48?
16
Let v(u) = -8*u + 1 + u**2 + 8*u. Let a be v(2). Suppose -a = -t + 8. Calculate the greatest common divisor of 117 and t.
13
Let p be (-30)/105 - (-114)/7. Calculate the greatest common factor of p and 80.
16
Let x be 8/(-12) - (-3 + (-177)/9). Calculate the highest common factor of 110 and x.
22
Suppose -u - 4*u - 30 = 0. Let z be 2*3/u*-1. Let i be (3 + z)/(-2) + 4. Calculate th